{"id":175,"date":"2019-03-17T15:08:41","date_gmt":"2019-03-17T15:08:41","guid":{"rendered":"http:\/\/www.retrosisters.fi\/?page_id=175"},"modified":"2022-02-07T16:19:21","modified_gmt":"2022-02-07T16:19:21","slug":"musiikki","status":"publish","type":"page","link":"https:\/\/www.retrosisters.fi\/?page_id=175","title":{"rendered":"Musiikki"},"content":{"rendered":"<p><span style=\"font-size: 14px;\">Klikkaamalla alla olevasta \u00e4\u00e4nitelistasta laulun nime\u00e4 se latautuu ja voit kuunnella \u00e4\u00e4nitett\u00e4. Alempana sivulla on linkkej\u00e4, joita napauttamalla aukeaa video uudelle sivulle.\u00a0<\/span><br \/>\n<span style=\"font-size: 14px;\">Vieress\u00e4 tai alhaalla n\u00e4kyv\u00e4\u00e4 py\u00f6re\u00e4\u00e4 punaista YouTube-kuvaketta napsauttamalla p\u00e4\u00e4set suoraan YouTube-sivustolle, josta l\u00f6ytyy viel\u00e4 lis\u00e4\u00e4 videoita.<\/span><\/p>\n<div class=\"wp-playlist wp-audio-playlist wp-playlist-light\">\n\t\t\t<div class=\"wp-playlist-current-item\"><\/div>\n\t\t<audio controls=\"controls\" preload=\"none\" width=\"603\"\n\t\t\t><\/audio>\n\t<div class=\"wp-playlist-next\"><\/div>\n\t<div class=\"wp-playlist-prev\"><\/div>\n\t<noscript>\n\t<ol>\n\t\t<li><a href='https:\/\/www.retrosisters.fi\/wp-content\/uploads\/2019\/04\/Ranskalaiset-Korot.mp3'>Ranskalaiset Korot<\/a><\/li><li><a href='https:\/\/www.retrosisters.fi\/wp-content\/uploads\/2019\/04\/Salaisuus.mp3'>Sulle salaisuuden kertoa m\u00e4 voisin<\/a><\/li><li><a href='https:\/\/www.retrosisters.fi\/wp-content\/uploads\/2019\/04\/Valoa-ikkunassa.mp3'>Valoa ikkunassa<\/a><\/li><li><a href='https:\/\/www.retrosisters.fi\/wp-content\/uploads\/2019\/04\/Tarjoisin-Kahvia.mp3'>Tarjoisin Kahvia<\/a><\/li><li><a href='https:\/\/www.retrosisters.fi\/wp-content\/uploads\/2019\/04\/Muistojen-Bulevardi-versio-3.mp3'>Muistojen Bulevardi<\/a><\/li>\t<\/ol>\n\t<\/noscript>\n\t<script type=\"application\/json\" class=\"wp-playlist-script\">{\"type\":\"audio\",\"tracklist\":true,\"tracknumbers\":true,\"images\":true,\"artists\":true,\"tracks\":[{\"src\":\"https:\/\/www.retrosisters.fi\/wp-content\/uploads\/2019\/04\/Ranskalaiset-Korot.mp3\",\"type\":\"audio\/mpeg\",\"title\":\"Ranskalaiset Korot\",\"caption\":\"\",\"description\":\"\\\"Ranskalaiset Korot\\\".\",\"meta\":{\"length_formatted\":\"3:02\"},\"image\":{\"src\":\"https:\/\/www.retrosisters.fi\/wp-includes\/images\/media\/audio.svg\",\"width\":48,\"height\":64},\"thumb\":{\"src\":\"https:\/\/www.retrosisters.fi\/wp-includes\/images\/media\/audio.svg\",\"width\":48,\"height\":64}},{\"src\":\"https:\/\/www.retrosisters.fi\/wp-content\/uploads\/2019\/04\/Salaisuus.mp3\",\"type\":\"audio\/mpeg\",\"title\":\"Sulle salaisuuden kertoa m\\u00e4 voisin\",\"caption\":\"\",\"description\":\"\\\"Salaisuus\\\".\",\"meta\":{\"length_formatted\":\"3:14\"},\"image\":{\"src\":\"https:\/\/www.retrosisters.fi\/wp-includes\/images\/media\/audio.svg\",\"width\":48,\"height\":64},\"thumb\":{\"src\":\"https:\/\/www.retrosisters.fi\/wp-includes\/images\/media\/audio.svg\",\"width\":48,\"height\":64}},{\"src\":\"https:\/\/www.retrosisters.fi\/wp-content\/uploads\/2019\/04\/Valoa-ikkunassa.mp3\",\"type\":\"audio\/mpeg\",\"title\":\"Valoa ikkunassa\",\"caption\":\"\",\"description\":\"\\\"Valoa ikkunassa\\\".\",\"meta\":{\"length_formatted\":\"2:06\"},\"image\":{\"src\":\"https:\/\/www.retrosisters.fi\/wp-includes\/images\/media\/audio.svg\",\"width\":48,\"height\":64},\"thumb\":{\"src\":\"https:\/\/www.retrosisters.fi\/wp-includes\/images\/media\/audio.svg\",\"width\":48,\"height\":64}},{\"src\":\"https:\/\/www.retrosisters.fi\/wp-content\/uploads\/2019\/04\/Tarjoisin-Kahvia.mp3\",\"type\":\"audio\/mpeg\",\"title\":\"Tarjoisin Kahvia\",\"caption\":\"\",\"description\":\"\\\"Tarjoisin Kahvia\\\".\",\"meta\":{\"length_formatted\":\"3:11\"},\"image\":{\"src\":\"https:\/\/www.retrosisters.fi\/wp-includes\/images\/media\/audio.svg\",\"width\":48,\"height\":64},\"thumb\":{\"src\":\"https:\/\/www.retrosisters.fi\/wp-includes\/images\/media\/audio.svg\",\"width\":48,\"height\":64}},{\"src\":\"https:\/\/www.retrosisters.fi\/wp-content\/uploads\/2019\/04\/Muistojen-Bulevardi-versio-3.mp3\",\"type\":\"audio\/mpeg\",\"title\":\"Muistojen Bulevardi\",\"caption\":\"\",\"description\":\"Muistojen Bulevardi\",\"meta\":{\"length_formatted\":\"3:11\"},\"image\":{\"src\":\"https:\/\/www.retrosisters.fi\/wp-includes\/images\/media\/audio.svg\",\"width\":48,\"height\":64},\"thumb\":{\"src\":\"https:\/\/www.retrosisters.fi\/wp-includes\/images\/media\/audio.svg\",\"width\":48,\"height\":64}}]}<\/script>\n<\/div>\n\t\n<p><strong>Linkit YouTube videoihin<\/strong><\/p>\n<p><a href=\"https:\/\/www.youtube.com\/watch?v=qz3080zmZdA\" target=\"_blank\" rel=\"noopener\">Hiljaa leijaa maahan hiutaleet<\/a><\/p>\n<p><a href=\"https:\/\/www.youtube.com\/watch?v=_6AqQpINdpA\" target=\"_blank\" rel=\"noopener\">Mele Kalikimaka &#8211; Joulu Havaijilla<\/a><\/p>\n<p><a href=\"https:\/\/www.youtube.com\/watch?v=0ngSuS7wlX4\" target=\"_blank\" rel=\"noopener noreferrer\">Valoa ikkunassa<\/a><\/p>\n<p><a href=\"https:\/\/www.youtube.com\/watch?v=jIkmT5o-JEI\" target=\"_blank\" rel=\"noopener noreferrer\">Sulle salaisuuden kertoa m\u00e4 voisin<\/a><\/p>\n<p><a href=\"https:\/\/www.youtube.com\/watch?v=svFpcFPGNWY\" target=\"_blank\" rel=\"noopener noreferrer\">Tarjoisin kahvia<\/a><\/p>\n<p><a href=\"https:\/\/www.youtube.com\/watch?v=UEceORIdjoI\" target=\"_blank\" rel=\"noopener noreferrer\">Ranskalaiset korot<\/a><\/p>\n<p><a href=\"https:\/\/www.youtube.com\/watch?v=0conOWJ8Y0w\" target=\"_blank\" rel=\"noopener noreferrer\">Muistojen bulevardi<\/a><\/p>\n<p style=\"text-align: left;\"><a href=\"https:\/\/www.youtube.com\/watch?v=NhrDXKA6Lgo\" target=\"_blank\" rel=\"noopener noreferrer\">Hymyillen<\/a><\/p>\n<p><a href=\"https:\/\/www.youtube.com\/watch?v=dFk1dBsuoik\" target=\"_blank\" rel=\"noopener noreferrer\">Rinnakkain<\/a><\/p>\n<p><a href=\"https:\/\/www.youtube.com\/watch?v=mxR3hBpg6L8\" target=\"_blank\" rel=\"noopener noreferrer\">Kun joulupukki suukon sai<\/a><\/p>\n<p><a href=\"https:\/\/www.youtube.com\/watch?v=fkBcUJ2odUo\" target=\"_blank\" rel=\"noopener noreferrer\">Sataman valot<\/a><\/p>\n<p><a href=\"https:\/\/www.youtube.com\/watch?v=NfIk8w1I4FQ\" target=\"_blank\" rel=\"noopener\">Petteri Punakuono<\/a><\/p>\n","protected":false},"excerpt":{"rendered":"<p>Klikkaamalla alla olevasta \u00e4\u00e4nitelistasta laulun nime\u00e4 se latautuu ja voit kuunnella \u00e4\u00e4nitett\u00e4. Alempana sivulla on linkkej\u00e4, joita napauttamalla aukeaa video uudelle sivulle.\u00a0 Vieress\u00e4 tai alhaalla n\u00e4kyv\u00e4\u00e4 py\u00f6re\u00e4\u00e4 punaista YouTube-kuvaketta napsauttamalla p\u00e4\u00e4set suoraan YouTube-sivustolle, josta l\u00f6ytyy viel\u00e4 lis\u00e4\u00e4 videoita. Linkit YouTube videoihin Hiljaa leijaa maahan hiutaleet Mele Kalikimaka &#8211; Joulu Havaijilla Valoa ikkunassa Sulle salaisuuden kertoa [&hellip;]<\/p>\n","protected":false},"author":1,"featured_media":0,"parent":0,"menu_order":0,"comment_status":"closed","ping_status":"closed","template":"","meta":{"footnotes":""},"class_list":["post-175","page","type-page","status-publish","hentry"],"_links":{"self":[{"href":"https:\/\/www.retrosisters.fi\/index.php?rest_route=\/wp\/v2\/pages\/175","targetHints":{"allow":["GET"]}}],"collection":[{"href":"https:\/\/www.retrosisters.fi\/index.php?rest_route=\/wp\/v2\/pages"}],"about":[{"href":"https:\/\/www.retrosisters.fi\/index.php?rest_route=\/wp\/v2\/types\/page"}],"author":[{"embeddable":true,"href":"https:\/\/www.retrosisters.fi\/index.php?rest_route=\/wp\/v2\/users\/1"}],"replies":[{"embeddable":true,"href":"https:\/\/www.retrosisters.fi\/index.php?rest_route=%2Fwp%2Fv2%2Fcomments&post=175"}],"version-history":[{"count":51,"href":"https:\/\/www.retrosisters.fi\/index.php?rest_route=\/wp\/v2\/pages\/175\/revisions"}],"predecessor-version":[{"id":1031,"href":"https:\/\/www.retrosisters.fi\/index.php?rest_route=\/wp\/v2\/pages\/175\/revisions\/1031"}],"wp:attachment":[{"href":"https:\/\/www.retrosisters.fi\/index.php?rest_route=%2Fwp%2Fv2%2Fmedia&parent=175"}],"curies":[{"name":"wp","href":"https:\/\/api.w.org\/{rel}","templated":true}]}}