{"id":160,"date":"2019-03-17T14:15:57","date_gmt":"2019-03-17T14:15:57","guid":{"rendered":"http:\/\/www.retrosisters.fi\/?page_id=160"},"modified":"2025-08-12T16:35:00","modified_gmt":"2025-08-12T16:35:00","slug":"uutisia-ja-tunnelmia","status":"publish","type":"page","link":"https:\/\/www.retrosisters.fi\/?page_id=160","title":{"rendered":"Menneit\u00e4 tapahtumia, tunnelmia ja sanottua"},"content":{"rendered":"<p><b>Jurmo ja Ut\u00f6 26.7.-30.7.2023<br \/>\n<\/b><\/p>\n<p>Karunkaunis Jurmo otti meid\u00e4t vastaan leppe\u00e4ss\u00e4 tuulessa ja l\u00e4mp\u00f6isess\u00e4 puolipilvisess\u00e4 s\u00e4\u00e4ss\u00e4. Torstaina 27.7.2023 illalla oli konsertti Jurmo Innin katetulla terassilla isolle joukolle paikallisia asukkaita ja veneilij\u00f6it\u00e4.<br \/>\nMeill\u00e4 laulajilla oli oikein suuren maailman olo, kun mukanamme reissussa oli tuttu kampaaja\/maskeeraaja Oopperalta eli Marjo Riihim\u00e4ki, joka kampasi ja meikkasi meid\u00e4t ihan viimeisen p\u00e4\u00e4lle molemmilla keikoilla ja t\u00e4st\u00e4 Marjolle iso kiitos.<span class=\"Apple-converted-space\"><br \/>\n<\/span>Suuri kiitos my\u00f6s Jurmo Innin Tiinalle maukkaasta ruoasta, majoituksesta ja huolenpidosta.<\/p>\n<p>Ut\u00f6n Havshotellin\u00a029.7. konsertin lipunmyyntitulot ohjattiin lyhent\u00e4m\u00e4tt\u00f6m\u00e4n\u00e4 El\u00e4v\u00e4 It\u00e4meri s\u00e4\u00e4ti\u00f6lle.<br \/>\nSuuret kiitokset Ut\u00f6n Havshotellin Mialle ja Mikolle majoituksesta, yl\u00f6spidosta ja mahdollisuudesta tulla konsertoimaan hotellille.<span class=\"Apple-converted-space\">\u00a0<\/span><br \/>\nIhana ja mieleenpainuva reissu Suomen upeassa saaristossa. T\u00e4nne olisi ihana palata viel\u00e4 kolmannenkin kerran\u2026<span class=\"Apple-converted-space\">\u00a0<\/span><\/p>\n<div id=\"attachment_1173\" style=\"width: 391px\" class=\"wp-caption alignnone\"><img loading=\"lazy\" decoding=\"async\" aria-describedby=\"caption-attachment-1173\" class=\" wp-image-1173\" src=\"https:\/\/www.retrosisters.fi\/wp-content\/uploads\/2025\/08\/93171492-6C06-451E-9B45-D9C27BEE7D6D-150x150.jpg\" alt=\"\" width=\"381\" height=\"381\" srcset=\"https:\/\/www.retrosisters.fi\/wp-content\/uploads\/2025\/08\/93171492-6C06-451E-9B45-D9C27BEE7D6D-150x150.jpg 150w, https:\/\/www.retrosisters.fi\/wp-content\/uploads\/2025\/08\/93171492-6C06-451E-9B45-D9C27BEE7D6D-300x300.jpg 300w, https:\/\/www.retrosisters.fi\/wp-content\/uploads\/2025\/08\/93171492-6C06-451E-9B45-D9C27BEE7D6D-1024x1024.jpg 1024w, https:\/\/www.retrosisters.fi\/wp-content\/uploads\/2025\/08\/93171492-6C06-451E-9B45-D9C27BEE7D6D-768x768.jpg 768w, https:\/\/www.retrosisters.fi\/wp-content\/uploads\/2025\/08\/93171492-6C06-451E-9B45-D9C27BEE7D6D-1536x1536.jpg 1536w, https:\/\/www.retrosisters.fi\/wp-content\/uploads\/2025\/08\/93171492-6C06-451E-9B45-D9C27BEE7D6D-624x624.jpg 624w, https:\/\/www.retrosisters.fi\/wp-content\/uploads\/2025\/08\/93171492-6C06-451E-9B45-D9C27BEE7D6D.jpg 2048w\" sizes=\"auto, (max-width: 381px) 100vw, 381px\" \/><p id=\"caption-attachment-1173\" class=\"wp-caption-text\">Jurmo ja Ut\u00f6 2023<\/p><\/div>\n<p><strong>Vuosi 2022<\/strong><\/p>\n<p>Vuoden alussa k\u00e4rsittiin viel\u00e4 Covid-19 pandemian j\u00e4lkimainingeista. Suomen kansallisoopperassa oli esityssulku p\u00e4\u00e4ll\u00e4 ja vuoden ensimm\u00e4isiin Oopperan teetansseihin ei yleis\u00f6 voinut viel\u00e4k\u00e4\u00e4n osallistua paikan p\u00e4\u00e4ll\u00e4, vaan ne l\u00e4hetettiin ainoastaan Oopperan ja Baletin Stage24-palvelun kautta.<span class=\"Apple-converted-space\"><br \/>\n<\/span><span style=\"font-size: 1rem;\">N\u00e4m\u00e4 tanssit j\u00e4iv\u00e4t meid\u00e4n viimeiseksi esiintymiseksemme, jossa ihana sopraanomme Heli N\u00e4rhi lauloi rinnallamme. Silloin kuulimme my\u00f6skin viimeisen kerran Helin vihelt\u00e4m\u00e4ss\u00e4 Ranskalaisissa koroissa.<\/span>\u00a0<span style=\"font-size: 1rem;\">Nyt voimme ainoastaan kuunnella nauhalta tuota maagisen hienoa ja puhdasta vihellyst\u00e4 tuossa kyseisess\u00e4 laulussa.<br \/>\n<\/span><span style=\"font-size: 1rem;\">Voit kuunnella Ranskalaiset korot-nauhoituksen t\u00e4\u00e4lt\u00e4 kotisivuilta tai YouTubesta.<br \/>\n<\/span><span style=\"font-size: 1rem;\">Rakas laululintusemme Heli nukkui pois sairauden murtamana maaliskuun loppupuolella.\u00a0<\/span><\/p>\n<p><span style=\"font-size: 1rem;\">Kev\u00e4\u00e4lle sovitut muut keikat saimme siirretty\u00e4 syksyyn ja vaikka kev\u00e4t oli meille todella raskasta aikaa niin pikkuhiljaa aloimme miettim\u00e4\u00e4n tulevaisuutta ja laulun jatkumista. L\u00f6ysimme t\u00e4st\u00e4 musiikista todella innostuneen nuoremman, iloisen ja energisen sopraanon Laura Liikasen.<br \/>\nIhan ensimm\u00e4isist\u00e4 harjoituksista l\u00e4htien energia virtasi puolin ja toisin, yhteislaulu sujui ja nauru raikui taas harjoituksissa. Samalla p\u00e4\u00e4timme my\u00f6s uusia esiintymismekot ja nyt meill\u00e4 on siis kauniit kukkamekot ja vihre\u00e4t pallomekot.<\/span><\/p>\n<p>Lauran ensimm\u00e4inen keikka riveiss\u00e4mme oli ihan tulikoe ja onnistunut sellainen!<br \/>\nArmas-festivaalit j\u00e4rjesti 2 tunnin lavatanssit ik\u00e4ihmisille Tanssin talon Pannuhallissa ja RetroSisters &amp; bros vastasi musiikista.<br \/>\n<span style=\"font-size: 1rem;\">Oli niin hienoa n\u00e4hd\u00e4 tanssilattia t\u00e4ynn\u00e4 tanssijoita ja ihmisten hymyilev\u00e4t kasvot t\u00e4m\u00e4n yli 2 vuoden pandemiah\u00e4ss\u00e4k\u00e4n j\u00e4lkeen.\u00a0<\/span><\/p>\n<p>Lokakuussa oli viel\u00e4 luentokonsertti Maarit Niiniluodon kanssa Hakasalmen huvilassa ja oma konsertti &#8221;Valoa ikkunassa&#8221; lokakuun lopussa Malmisalissa.<span class=\"Apple-converted-space\"><br \/>\n<\/span><span style=\"font-size: 1rem;\">Vuosi oli surullinen, mutta se loppui kuitenkin valoisaan toiveikkaaseen tunnelmaan.<\/span><\/p>\n<p><strong>Vuosi 2021<\/strong><\/p>\n<p>Covid-19 pandemia jatkui viel\u00e4 koko vuoden 2021. Harjoiteltiin, sovittiin keikkoja ja sitten taas keikat peruttiin. Esityksiin ja konsertteihin sai myyd\u00e4 vain rajoitetun m\u00e4\u00e4r\u00e4n lippuja ja yleis\u00f6 k\u00e4ytti hengityssuojaimia ja piti turvav\u00e4lej\u00e4. Hengityssuojaimia k\u00e4ytettiin kaupassa, busseissa, ty\u00f6paikoilla, kouluissa jne. Virusvariantit valtasivat kuitenkin alaa ja hyvin sujuneesta rokotuskampanjasta huolimatta rajoitukset olivat jollakin tavalla voimassa koko vuoden. \u201dTy\u00f6p\u00f6yd\u00e4n laatikkoon harjoittelusta\u201d tuntui tulevan uusi normaali, sill\u00e4 paljon tehtiin ty\u00f6t\u00e4, mutta esitykset ja keikat j\u00e4iv\u00e4t kuitenkin tekem\u00e4tt\u00e4.<span class=\"Apple-converted-space\">\u00a0<\/span><\/p>\n<p>Meid\u00e4n ainoa live-keikka, \u201dKuin t\u00e4hden lento vaan on kulku onnen parhaan\u201d eli Harmony Sistersien ikivihreit\u00e4 iskelmi\u00e4 vuosilta 1937-1955, oli syyskuussa Caf\u00e9 Sonckissa Aino Act\u00e9 kamarifestivaalilla. Konsertissa Maarit Niiniluoto kertoi laulujen taustoista ja aikakauden tapahtumista ja ilmapiirist\u00e4.<span class=\"Apple-converted-space\">\u00a0<\/span><\/p>\n<p>Saimme kuitenkin alkusyksyst\u00e4 \u00e4\u00e4nitetty\u00e4 kaksi joululaulua (Hiljaa leijaa maahan hiutaleet ja Mele-Kalikimaka), mutta nekin tehtiin niin, ett\u00e4 me laulajat ja soittajat emme kaikki olleet samaanaikaan paikalla eli uusi kokemus sekin.<span class=\"Apple-converted-space\">\u00a0<\/span><\/p>\n<p><strong>Vuosi 2020<\/strong><\/p>\n<p>Vuosi 2020 j\u00e4\u00e4 kyll\u00e4 mieleen kev\u00e4\u00e4ll\u00e4 alkaneesta covid19-pandemiasta, joka muutti meid\u00e4n kaikkien el\u00e4m\u00e4\u00e4 ja toimintaa. Maaliskuun puolessav\u00e4liss\u00e4 kaikki mahdollinen ruvettiin tekem\u00e4\u00e4n et\u00e4n\u00e4 ja turvav\u00e4lit, k\u00e4sidesit ja syksyll\u00e4 hengityssuojaimet muuttuivat uudeksi normaaliksi.<br \/>\nEhdimme laulaa ja tanssittaa maaliskuun alussa Oopperan teetansseissa Classic Stars orkesterin kanssa, mutta sitten 13.3.2020 Aluehallintoviraston m\u00e4\u00e4r\u00e4yksest\u00e4 loput kev\u00e4\u00e4n konsertit peruuntuivat ja museot ja teatterit sulkivat ovensa. My\u00f6hemmin my\u00f6s kes\u00e4lle ja syksylle sovitut konsertit peruttiin, koska kenell\u00e4k\u00e4\u00e4n ei ollut tietoa milloin tauti talttuisi ja koska kokoontumisrajoitukset loppuisivat. Tapahtuma-alalle ja taiteilijoille koko vuosi oli synkk\u00e4\u00e4kin synkempi.<\/p>\n<p>Helsinki-p\u00e4iv\u00e4 12.6.2020 j\u00e4rjestettiin verkossa ja me olimme onnekkaita ja p\u00e4\u00e4simme esitt\u00e4m\u00e4\u00e4n striimattuna Hakasalmen huvilan mieli-ala n\u00e4yttelyn yhteyteen suunnitellun konsertin, joka peruuntui huhtikuulta museoiden sulkemisen takia.<span class=\"Apple-converted-space\"><br \/>\n<\/span><span style=\"font-size: 1rem;\">Suuri kiitos t\u00e4st\u00e4 kuuluu Hakasalmen huvilan tuottaja-tutkija <\/span><b style=\"font-size: 1rem;\">Jere J\u00e4ppiselle <\/b><span style=\"font-size: 1rem;\">ja suomalaisen viihteen historioitsijalle<\/span><b style=\"font-size: 1rem;\"> Maarit Niiniluodolle<\/b><span style=\"font-size: 1rem;\">, joiden aktiivisuuden ansiosta p\u00e4\u00e4simme esiintym\u00e4\u00e4n Helsinki-p\u00e4iv\u00e4n\u00e4.<\/span><br \/>\nKonsertti piti sis\u00e4ll\u00e4\u00e4n Harmony Sistersien sota-aikana esitt\u00e4mi\u00e4 lauluja ja noiden laulujen taustoista ja aikakauden monikerroksellisista tapahtumista ja tunnelmista kertoi Maarit<b> <\/b>Niiniluoto, joka on kirjoittanut mm. Harmony Sistersien ja Toivo K\u00e4rjen el\u00e4m\u00e4kerrat.<br \/>\n<span style=\"font-size: 1rem;\">On ollut valtavan mielenkiintoista keskustella h\u00e4nen kanssaan ja kuulla noista menneist\u00e4 ajoista. Striimauksen lauluista osa oli kuultavissa verkossa my\u00f6s Espan lavan Virtual Open Stage -tapahtumasarjassa kes\u00e4kuussa.<\/span><br \/>\nSyyskuun alussa Espan lavalla aurinkoisena ja l\u00e4mpim\u00e4n\u00e4 perjantaina oli yksi harvoista live-keikoista koko vuonna.<\/p>\n<p>Toivotaan, ett\u00e4 vuosi 2021 muuttuisi mahdollisimman nopeasti normaaliksi vuodenvaihteessa alkaneen rokotuskampanjan my\u00f6t\u00e4.<br \/>\nTeit\u00e4 ihana yleis\u00f6 meill\u00e4 on todella ik\u00e4v\u00e4!<\/p>\n<p>&nbsp;<\/p>\n<p><strong>Vuonna 2019<\/strong><\/p>\n<p>Vuosi 2019 oli mukavan tapahtumarikas vuosi. Kev\u00e4\u00e4ll\u00e4 \u00e4\u00e4nitettiin uusia lauluja koko porukan kanssa eli me tyt\u00f6t ja Jussi Miilunpalo piano, Tapio Lydecken basso ja Ville Liikanen rummut. \u00c4\u00e4nityksest\u00e4 ja miksauksesta vastasi t\u00e4ll\u00e4kin kertaa Juhana Suninen.\u00a0\u00c4\u00e4nitteet l\u00f6ytyv\u00e4t kotisivuiltamme musiikki-v\u00e4lilehdelt\u00e4 ja suurin osa my\u00f6s YouTubesta videoina.<\/p>\n<p>Vuoden aikana mieleenpainuvia keikkoja olivat mm.<\/p>\n<ul style=\"list-style-type: circle;\">\n<li>Oopperan teetanssit Classic Stars orkesterin kanssa<span class=\"Apple-converted-space\">\u00a0<\/span><\/li>\n<li>Flash mob Cafe Ekbergill\u00e4 huhtikuun lopussa<\/li>\n<li>Kaunialan sairaalassa nurkkatanssit toukokuussa<\/li>\n<li>Helsinki-p\u00e4iv\u00e4n\u00e4 Kanneltalossa tanssit<\/li>\n<li>Ut\u00f6n Havshotelissa tanssit It\u00e4meren hyv\u00e4ksi ja<\/li>\n<li>Ut\u00f6n B\u00f6nehusetissa klassisen musiikin konsertti<\/li>\n<li>Aino Act\u00e9n kamarifestivaali konserttisarjassa konsertti Cafe Soncissa<\/li>\n<li>Hakasalmen huvilassa olimme uudestaan 1920-luvun tunnelmissa<\/li>\n<li>Kangasniemell\u00e4 Classic Stars orkesterin kanssa konsertoimassa<\/li>\n<li>Ekbergin Bulevardi 9 Live -illassa esiintym\u00e4ss\u00e4<\/li>\n<\/ul>\n<p>Lis\u00e4ksi vuoden aikana olimme esiintym\u00e4ss\u00e4 Pit\u00e4j\u00e4nm\u00e4en kirkolla seurakunnan suurilla syntym\u00e4p\u00e4ivill\u00e4, maanpuolustuskurssin p\u00e4\u00e4t\u00f6sillallisilla, Lions Club Hakunilan 50-vuotis juhlakonsertissa sek\u00e4 muutamissa pienemmiss\u00e4 yksityistilaisuuksissa.<span class=\"Apple-converted-space\">\u00a0<\/span><\/p>\n<p>Vuoden lopuksi jouluisissa tunnelmissa olimme Sellosalin l\u00e4mpi\u00f6ss\u00e4 Espoossa ja Vantaan maatalousmuseossa, joissa molemmissa paikoissa oli niin paljon yleis\u00f6\u00e4, ett\u00e4 osa kuulijoista joutui valitettavasti seisomaan eteisen puolella.<\/p>\n<p>Ikimuistoinen tapahtuma huhtikuun lopussa oli Flash mob Helsingin Bulevardilla sijaitsevassa Ekbergin kahvilassa. Olimme pukeutuneet tarjoilijoiden asuihin ja yll\u00e4timme asiakkaat laululla. Esityksen kuvaamisesta vastasivat Harri Anttila ja Taleghani Houman.<br \/>\n\u201dMuistojen bulevardi\u201d -laulua lauloimme my\u00f6s kahvilan ulkopuolella kauniissa aurinkoisessa s\u00e4\u00e4ss\u00e4 hiirenkorvilla olevien vanhojen lehmusten alla. Samalla toteutui rumpalimme Villen pitk\u00e4aikainen toive saada esitt\u00e4\u00e4 kyseinen laulu oikeasti ulkona Helsingin Bulevardilla.<span class=\"Apple-converted-space\">\u00a0<\/span><\/p>\n<p>Ut\u00f6n saarelle teimme hein\u00e4kuun lopulla aivan ihanan kes\u00e4reissun. Reissu oli sopivassa suhteessa lomailua, laulua ja musisointia.<br \/>\nHein\u00e4kuun viimeinen viikonloppu oli varmaan kes\u00e4n kuumin, mutta onneksi sinilev\u00e4 ei ollut viel\u00e4 ehtinyt Ut\u00f6seen asti, joten saatoimme vilvoitella ja polskia p\u00e4ivitt\u00e4in meress\u00e4.<br \/>\nLauantai-iltana oli Havshotelissa tanssit, joiden tuotto meni lyhent\u00e4m\u00e4tt\u00f6m\u00e4n\u00e4 El\u00e4v\u00e4 It\u00e4meri s\u00e4\u00e4ti\u00f6lle.<\/p>\n<p>Mukana reissussa Ut\u00f6ss\u00e4 olivat kaikkien puolisot, joten sunnuntain konsertti Ut\u00f6n kappelissa pitikin sis\u00e4ll\u00e4\u00e4n perinteist\u00e4 klassista musiikkia erilaisissa kokoonpanoissa, koska mukana oli meid\u00e4n ja poikien lis\u00e4ksi viel\u00e4 huilisti sek\u00e4 kolme laulajaa.<\/p>\n<p>Kaunis Ut\u00f6n saari, upeat auringonlaskut, mukava porukka, yst\u00e4vien seura ja hidas matkaaminen eli n. 5 tuntia laivalla Nauvosta Suomen etel\u00e4isimm\u00e4lle saarelle oli niin kiva, ett\u00e4 t\u00e4st\u00e4 olisi hienoa tehd\u00e4 jokakes\u00e4inen perinne.<\/p>\n<div id=\"attachment_926\" style=\"width: 235px\" class=\"wp-caption alignnone\"><img loading=\"lazy\" decoding=\"async\" aria-describedby=\"caption-attachment-926\" class=\"size-medium wp-image-926\" src=\"https:\/\/www.retrosisters.fi\/wp-content\/uploads\/2020\/01\/IMG_0244-225x300.jpeg\" alt=\"\" width=\"225\" height=\"300\" srcset=\"https:\/\/www.retrosisters.fi\/wp-content\/uploads\/2020\/01\/IMG_0244-225x300.jpeg 225w, https:\/\/www.retrosisters.fi\/wp-content\/uploads\/2020\/01\/IMG_0244-768x1024.jpeg 768w, https:\/\/www.retrosisters.fi\/wp-content\/uploads\/2020\/01\/IMG_0244-1152x1536.jpeg 1152w, https:\/\/www.retrosisters.fi\/wp-content\/uploads\/2020\/01\/IMG_0244-624x832.jpeg 624w, https:\/\/www.retrosisters.fi\/wp-content\/uploads\/2020\/01\/IMG_0244.jpeg 1536w\" sizes=\"auto, (max-width: 225px) 100vw, 225px\" \/><p id=\"caption-attachment-926\" class=\"wp-caption-text\">Ut\u00f6n majakka<\/p><\/div>\n<p>&nbsp;<\/p>\n<p><strong>Vuonna 2018<\/strong><\/p>\n<p>Entisaikojen ihania s\u00e4velmi\u00e4 lauloimme kokoonpanolla RetroSisters &amp; bros eli Jussi Miilunpalo piano, Tapio Lydecken basso ja Ville Liikanen rummut.<\/p>\n<ul style=\"list-style-type: circle;\">\n<li><span style=\"font-size: 1rem;\">Haminassa Elokuun illat -tapahtumassa Wanhalla Ty\u00f6skill\u00e4.<\/span><\/li>\n<li>Ikivihreit\u00e4 s\u00e4veli\u00e4 iltap\u00e4iv\u00e4n ratoksi Malmitalossa.<\/li>\n<li>Teatteri Vantaan Silkkisalissa olimme jo osittain jouluisissa tunnelmissa.<\/li>\n<li>Hakasalmen huvilan sunnuntaimatineassa 1920-luvun hengess\u00e4.<\/li>\n<li>Oopperan teetanssit Classic Stars -orkesterin kanssa<\/li>\n<li>Kangasniemell\u00e4 olimme konsertoimassa Classic Stars -orkesterin kanssa.<\/li>\n<\/ul>\n<p>Useita pienempi\u00e4 yksityistilaisuuksia pianistin kanssa ja\u00a0\u00e4itienp\u00e4iv\u00e4konsertti Vantaan maatalousmuseossa, jossa osa konsertista koostui klassisista yksinlauluista.<\/p>\n<p>Kiitollisina Suomen kulttuurirahastolta saamastamme huomattavasta apurahasta vuonna 2018 laulu soi useassa palvelu- ja hoivakodissa p\u00e4\u00e4kaupunkiseudulla, Kotkassa ja Raaseporissa.<br \/>\nVastaanotto oli innostunutta ja vanhusten joukossa oli aina heit\u00e4, jotka osasivat sanat ja lauloivat mukana. Kuulimme my\u00f6s monia koskettavia ja kauniita muistoja vanhusten nuoruudesta ja el\u00e4m\u00e4st\u00e4. Tilaisuudet olivat hyvin antoisia my\u00f6s meille ja lauloimme ruotsiksi osan lauluista niiss\u00e4 palvelutaloissa, joissa oli sek\u00e4 suomen- ett\u00e4 ruotsinkielisi\u00e4 asukkaita.<\/p>\n<p><img loading=\"lazy\" decoding=\"async\" class=\"alignnone size-full wp-image-397\" src=\"http:\/\/www.retrosisters.fi\/wp-content\/uploads\/2019\/03\/IMG_1256.jpeg\" alt=\"\" width=\"1321\" height=\"896\" \/><\/p>\n<p><strong>4.8.2017<\/strong><br \/>\nIlokuvafestivaali M\u00e4ntyharjulla. Irina Bj\u00f6rklund yhtyeineen esitti iskelmi\u00e4 suomeksi ja ranskaksi, Tipsy Gipsy-duo (V\u00e4rttin\u00e4n Susan Aho ja Karoliina Kantelinen) lauloi hauskoja ja koskettavia mustalaislauluja ja RetroSisters valloitti nostalgisilla iskelmill\u00e4 Metro-tytt\u00f6jen ja Harmony Sistersien henkeen.<\/p>\n<p><strong>P\u00e5 l\u00f6rdagen den 21.10.2017<\/strong><br \/>\nSvenska kyrkan &#8211; Finska f\u00f6rsamlingen &#8211; Suomalainen seurakunta.<br \/>\nLauantai 21.10.2017 klo 15. Kuulimme ja lauloimme suomalaisia iskelmi\u00e4 sadan vuoden ajalta ja pohdimme Martti Paanasen johdolla, mit\u00e4 ne kertovat suomalaisuudesta. Mukana RetroSisters ja Esa Aapro.<\/p>\n<p><span style=\"font-size: 1rem;\"><strong>Sanomalehti Aamupostin kirjoitus 9.5.2017<\/strong> l\u00f6ytyy klikkaamalla alla olevaa linkki\u00e4<br \/>\n<\/span><a href=\"https:\/\/www.aamuposti.fi\/artikkeli\/517665-nykypoppari-ei-tekisi-tallaisia-lauluja-retrosisters-kiidattaa-kuulijat-menneeseen\" target=\"_blank\" rel=\"noopener noreferrer\">Aamupostin artikkeli &#8221;Nykypoppari ei tekisi t\u00e4llaisia lauluja&#8221;<\/a><\/p>\n","protected":false},"excerpt":{"rendered":"<p>Jurmo ja Ut\u00f6 26.7.-30.7.2023 Karunkaunis Jurmo otti meid\u00e4t vastaan leppe\u00e4ss\u00e4 tuulessa ja l\u00e4mp\u00f6isess\u00e4 puolipilvisess\u00e4 s\u00e4\u00e4ss\u00e4. Torstaina 27.7.2023 illalla oli konsertti Jurmo Innin katetulla terassilla isolle joukolle paikallisia asukkaita ja veneilij\u00f6it\u00e4. Meill\u00e4 laulajilla oli oikein suuren maailman olo, kun mukanamme reissussa oli tuttu kampaaja\/maskeeraaja Oopperalta eli Marjo Riihim\u00e4ki, joka kampasi ja meikkasi meid\u00e4t ihan viimeisen p\u00e4\u00e4lle [&hellip;]<\/p>\n","protected":false},"author":1,"featured_media":0,"parent":0,"menu_order":1,"comment_status":"closed","ping_status":"closed","template":"","meta":{"footnotes":""},"class_list":["post-160","page","type-page","status-publish","hentry"],"_links":{"self":[{"href":"https:\/\/www.retrosisters.fi\/index.php?rest_route=\/wp\/v2\/pages\/160","targetHints":{"allow":["GET"]}}],"collection":[{"href":"https:\/\/www.retrosisters.fi\/index.php?rest_route=\/wp\/v2\/pages"}],"about":[{"href":"https:\/\/www.retrosisters.fi\/index.php?rest_route=\/wp\/v2\/types\/page"}],"author":[{"embeddable":true,"href":"https:\/\/www.retrosisters.fi\/index.php?rest_route=\/wp\/v2\/users\/1"}],"replies":[{"embeddable":true,"href":"https:\/\/www.retrosisters.fi\/index.php?rest_route=%2Fwp%2Fv2%2Fcomments&post=160"}],"version-history":[{"count":19,"href":"https:\/\/www.retrosisters.fi\/index.php?rest_route=\/wp\/v2\/pages\/160\/revisions"}],"predecessor-version":[{"id":1174,"href":"https:\/\/www.retrosisters.fi\/index.php?rest_route=\/wp\/v2\/pages\/160\/revisions\/1174"}],"wp:attachment":[{"href":"https:\/\/www.retrosisters.fi\/index.php?rest_route=%2Fwp%2Fv2%2Fmedia&parent=160"}],"curies":[{"name":"wp","href":"https:\/\/api.w.org\/{rel}","templated":true}]}}